[INFO] cloning repository https://github.com/MathiasKoch/at-rs
[INFO] running `Command { std: "git" "-c" "credential.helper=" "-c" "credential.helper=/workspace/cargo-home/bin/git-credential-null" "clone" "--bare" "https://github.com/MathiasKoch/at-rs" "/workspace/cache/git-repos/https%3A%2F%2Fgithub.com%2FMathiasKoch%2Fat-rs", kill_on_drop: false }`
[INFO] [stderr] Cloning into bare repository '/workspace/cache/git-repos/https%3A%2F%2Fgithub.com%2FMathiasKoch%2Fat-rs'...
[INFO] running `Command { std: "git" "rev-parse" "HEAD", kill_on_drop: false }`
[INFO] [stdout] 1235a30169bfeefb1bc2b0efe5e7a3fc6928f25b
[INFO] building MathiasKoch/at-rs against master#ff34b919075f35a1787659e9c448a34b06bab8de for issue-85264
[INFO] running `Command { std: "git" "clone" "/workspace/cache/git-repos/https%3A%2F%2Fgithub.com%2FMathiasKoch%2Fat-rs" "/workspace/builds/worker-3/source", kill_on_drop: false }`
[INFO] [stderr] Cloning into '/workspace/builds/worker-3/source'...
[INFO] [stderr] done.
[INFO] validating manifest of git repo https://github.com/MathiasKoch/at-rs on toolchain ff34b919075f35a1787659e9c448a34b06bab8de
[INFO] running `Command { std: "/workspace/cargo-home/bin/cargo" "+ff34b919075f35a1787659e9c448a34b06bab8de" "metadata" "--manifest-path" "Cargo.toml" "--no-deps", kill_on_drop: false }`
[INFO] started tweaking git repo https://github.com/MathiasKoch/at-rs
[INFO] finished tweaking git repo https://github.com/MathiasKoch/at-rs
[INFO] tweaked toml for git repo https://github.com/MathiasKoch/at-rs written to /workspace/builds/worker-3/source/Cargo.toml
[INFO] running `Command { std: "/workspace/cargo-home/bin/cargo" "+ff34b919075f35a1787659e9c448a34b06bab8de" "generate-lockfile" "--manifest-path" "Cargo.toml" "-Zno-index-update", kill_on_drop: false }`
[INFO] running `Command { std: "/workspace/cargo-home/bin/cargo" "+ff34b919075f35a1787659e9c448a34b06bab8de" "fetch" "--manifest-path" "Cargo.toml", kill_on_drop: false }`
[INFO] running `Command { std: "docker" "create" "-v" "/var/lib/crater-agent-workspace/builds/worker-3/target:/opt/rustwide/target:rw,Z" "-v" "/var/lib/crater-agent-workspace/builds/worker-3/source:/opt/rustwide/workdir:ro,Z" "-v" "/var/lib/crater-agent-workspace/cargo-home:/opt/rustwide/cargo-home:ro,Z" "-v" "/var/lib/crater-agent-workspace/rustup-home:/opt/rustwide/rustup-home:ro,Z" "-e" "SOURCE_DIR=/opt/rustwide/workdir" "-e" "CARGO_TARGET_DIR=/opt/rustwide/target" "-e" "CARGO_HOME=/opt/rustwide/cargo-home" "-e" "RUSTUP_HOME=/opt/rustwide/rustup-home" "-w" "/opt/rustwide/workdir" "-m" "1610612736" "--user" "0:0" "--network" "none" "ghcr.io/rust-lang/crates-build-env/linux@sha256:20528e8c29e4536546f0102ce88568b16ea7538393a33fcca951030f7af10457" "/opt/rustwide/cargo-home/bin/cargo" "+ff34b919075f35a1787659e9c448a34b06bab8de" "metadata" "--no-deps" "--format-version=1", kill_on_drop: false }`
[INFO] [stdout] f9185c70e94af25fdc6fe454c86ea1cebc59bba12ffd152f3f6fc781fe4a31f0
[INFO] [stderr] WARNING: Your kernel does not support swap limit capabilities or the cgroup is not mounted. Memory limited without swap.
[INFO] running `Command { std: "docker" "start" "-a" "f9185c70e94af25fdc6fe454c86ea1cebc59bba12ffd152f3f6fc781fe4a31f0", kill_on_drop: false }`
[INFO] running `Command { std: "docker" "inspect" "f9185c70e94af25fdc6fe454c86ea1cebc59bba12ffd152f3f6fc781fe4a31f0", kill_on_drop: false }`
[INFO] running `Command { std: "docker" "rm" "-f" "f9185c70e94af25fdc6fe454c86ea1cebc59bba12ffd152f3f6fc781fe4a31f0", kill_on_drop: false }`
[INFO] [stdout] f9185c70e94af25fdc6fe454c86ea1cebc59bba12ffd152f3f6fc781fe4a31f0
[INFO] running `Command { std: "docker" "create" "-v" "/var/lib/crater-agent-workspace/builds/worker-3/target:/opt/rustwide/target:rw,Z" "-v" "/var/lib/crater-agent-workspace/builds/worker-3/source:/opt/rustwide/workdir:ro,Z" "-v" "/var/lib/crater-agent-workspace/cargo-home:/opt/rustwide/cargo-home:ro,Z" "-v" "/var/lib/crater-agent-workspace/rustup-home:/opt/rustwide/rustup-home:ro,Z" "-e" "SOURCE_DIR=/opt/rustwide/workdir" "-e" "CARGO_TARGET_DIR=/opt/rustwide/target" "-e" "CARGO_INCREMENTAL=0" "-e" "RUST_BACKTRACE=full" "-e" "RUSTFLAGS=--cap-lints=forbid" "-e" "CARGO_HOME=/opt/rustwide/cargo-home" "-e" "RUSTUP_HOME=/opt/rustwide/rustup-home" "-w" "/opt/rustwide/workdir" "-m" "1610612736" "--user" "0:0" "--network" "none" "ghcr.io/rust-lang/crates-build-env/linux@sha256:20528e8c29e4536546f0102ce88568b16ea7538393a33fcca951030f7af10457" "/opt/rustwide/cargo-home/bin/cargo" "+ff34b919075f35a1787659e9c448a34b06bab8de" "build" "--frozen" "--message-format=json", kill_on_drop: false }`
[INFO] [stdout] 58d7299dd4e64487b3c1f690bb1bfa5f374d3e139a27b68fbb5a6f3499a4ed6d
[INFO] [stderr] WARNING: Your kernel does not support swap limit capabilities or the cgroup is not mounted. Memory limited without swap.
[INFO] running `Command { std: "docker" "start" "-a" "58d7299dd4e64487b3c1f690bb1bfa5f374d3e139a27b68fbb5a6f3499a4ed6d", kill_on_drop: false }`
[INFO] [stderr]    Compiling serde v1.0.126
[INFO] [stderr]    Compiling heapless v0.7.1
[INFO] [stderr]    Compiling hash32 v0.2.1
[INFO] [stderr]    Compiling embedded-hal v1.0.0-alpha.4
[INFO] [stderr]    Compiling syn v1.0.72
[INFO] [stderr]    Compiling serde_at v0.11.1-alpha.0 (/opt/rustwide/workdir/serde_at)
[INFO] [stderr]    Compiling atat_derive v0.11.1-alpha.0 (/opt/rustwide/workdir/atat_derive)
[INFO] [stderr]    Compiling atat v0.11.1-alpha.0 (/opt/rustwide/workdir/atat)
[INFO] [stderr]     Finished dev [unoptimized + debuginfo] target(s) in 17.80s
[INFO] running `Command { std: "docker" "inspect" "58d7299dd4e64487b3c1f690bb1bfa5f374d3e139a27b68fbb5a6f3499a4ed6d", kill_on_drop: false }`
[INFO] running `Command { std: "docker" "rm" "-f" "58d7299dd4e64487b3c1f690bb1bfa5f374d3e139a27b68fbb5a6f3499a4ed6d", kill_on_drop: false }`
[INFO] [stdout] 58d7299dd4e64487b3c1f690bb1bfa5f374d3e139a27b68fbb5a6f3499a4ed6d
[INFO] running `Command { std: "docker" "create" "-v" "/var/lib/crater-agent-workspace/builds/worker-3/target:/opt/rustwide/target:rw,Z" "-v" "/var/lib/crater-agent-workspace/builds/worker-3/source:/opt/rustwide/workdir:ro,Z" "-v" "/var/lib/crater-agent-workspace/cargo-home:/opt/rustwide/cargo-home:ro,Z" "-v" "/var/lib/crater-agent-workspace/rustup-home:/opt/rustwide/rustup-home:ro,Z" "-e" "SOURCE_DIR=/opt/rustwide/workdir" "-e" "CARGO_TARGET_DIR=/opt/rustwide/target" "-e" "CARGO_INCREMENTAL=0" "-e" "RUST_BACKTRACE=full" "-e" "RUSTFLAGS=--cap-lints=forbid" "-e" "CARGO_HOME=/opt/rustwide/cargo-home" "-e" "RUSTUP_HOME=/opt/rustwide/rustup-home" "-w" "/opt/rustwide/workdir" "-m" "1610612736" "--user" "0:0" "--network" "none" "ghcr.io/rust-lang/crates-build-env/linux@sha256:20528e8c29e4536546f0102ce88568b16ea7538393a33fcca951030f7af10457" "/opt/rustwide/cargo-home/bin/cargo" "+ff34b919075f35a1787659e9c448a34b06bab8de" "test" "--frozen" "--no-run" "--message-format=json", kill_on_drop: false }`
[INFO] [stdout] 7319a49f5c7a704977f157983841d8db05835e12a905a1f8fb874c3a313ef254
[INFO] [stderr] WARNING: Your kernel does not support swap limit capabilities or the cgroup is not mounted. Memory limited without swap.
[INFO] running `Command { std: "docker" "start" "-a" "7319a49f5c7a704977f157983841d8db05835e12a905a1f8fb874c3a313ef254", kill_on_drop: false }`
[INFO] [stderr]    Compiling semver-parser v0.7.0
[INFO] [stderr]    Compiling ucd-trie v0.1.3
[INFO] [stderr]    Compiling stm32l4 v0.12.1
[INFO] [stderr]    Compiling heapless v0.6.1
[INFO] [stderr]    Compiling rtic-core v0.3.1
[INFO] [stderr]    Compiling indexmap v1.6.2
[INFO] [stderr]    Compiling cortex-m-rtic v0.5.6
[INFO] [stderr]    Compiling hash32 v0.1.1
[INFO] [stderr]    Compiling generic-array v0.13.3
[INFO] [stderr]    Compiling generic-array v0.12.4
[INFO] [stderr]    Compiling embedded-hal v0.2.5
[INFO] [stderr]    Compiling cortex-m-rt-macros v0.1.8
[INFO] [stderr]    Compiling serde_derive v1.0.126
[INFO] [stderr]    Compiling atat_derive v0.11.1-alpha.0 (/opt/rustwide/workdir/atat_derive)
[INFO] [stderr]    Compiling pest v2.1.3
[INFO] [stderr]    Compiling semver v0.9.0
[INFO] [stderr]    Compiling as-slice v0.1.5
[INFO] [stderr]    Compiling rustc_version v0.2.3
[INFO] [stderr]    Compiling bare-metal v0.2.5
[INFO] [stderr]    Compiling rtic-syntax v0.4.0
[INFO] [stderr]    Compiling aligned v0.3.4
[INFO] [stderr]    Compiling cortex-m-rt v0.6.14
[INFO] [stderr]    Compiling cortex-m v0.7.2
[INFO] [stderr]    Compiling semver-parser v0.10.2
[INFO] [stderr]    Compiling cortex-m v0.6.7
[INFO] [stderr]    Compiling semver v0.11.0
[INFO] [stderr]    Compiling rustc_version v0.3.3
[INFO] [stderr]    Compiling cast v0.2.6
[INFO] [stderr]    Compiling cortex-m-rtic-macros v0.5.2
[INFO] [stderr]    Compiling serde_at v0.11.1-alpha.0 (/opt/rustwide/workdir/serde_at)
[INFO] [stderr]    Compiling stm32l4xx-hal v0.6.0
[INFO] [stderr]    Compiling atat v0.11.1-alpha.0 (/opt/rustwide/workdir/atat)
[INFO] [stdout] error[E0432]: unresolved import `heapless::consts`
[INFO] [stdout]   --> atat/examples/cortex-m-rt.rs:21:16
[INFO] [stdout]    |
[INFO] [stdout] 21 | use heapless::{consts, spsc::Queue};
[INFO] [stdout]    |                ^^^^^^ no `consts` in the root
[INFO] [stdout] 
[INFO] [stdout] 
[INFO] [stdout] error[E0432]: unresolved import `crate::rt`
[INFO] [stdout]   --> atat/examples/cortex-m-rt.rs:23:12
[INFO] [stdout]    |
[INFO] [stdout] 23 | use crate::rt::entry;
[INFO] [stdout]    |            ^^
[INFO] [stdout]    |            |
[INFO] [stdout]    |            unresolved import
[INFO] [stdout]    |            help: a similar path exists: `core::fmt::rt`
[INFO] [stdout] 
[INFO] [stdout] 
[INFO] [stdout] error[E0423]: expected function, tuple struct or tuple variant, found struct `Queue`
[INFO] [stdout]   --> atat/examples/cortex-m-rt.rs:68:43
[INFO] [stdout]    |
[INFO] [stdout] 68 |     static mut RES_QUEUE: ResQueue<256> = Queue(heapless::i::Queue::u8());
[INFO] [stdout]    |                                           ^^^^^^^^^^^^^^^^^^^^^^^^^^^^^^^
[INFO] [stdout]    | 
[INFO] [stdout]   ::: /opt/rustwide/cargo-home/registry/src/github.com-1ecc6299db9ec823/heapless-0.7.1/src/spsc.rs:99:1
[INFO] [stdout]    |
[INFO] [stdout] 99 | pub struct Queue<T, const N: usize> {
[INFO] [stdout]    | ----------------------------------- `Queue` defined here
[INFO] [stdout]    |
[INFO] [stdout] help: use struct literal syntax instead
[INFO] [stdout]    |
[INFO] [stdout] 68 |     static mut RES_QUEUE: ResQueue<256> = Queue { head: val, tail: val, buffer: val };
[INFO] [stdout]    |                                           ^^^^^^^^^^^^^^^^^^^^^^^^^^^^^^^^^^^^^^^^^^^
[INFO] [stdout] help: consider importing this tuple struct instead
[INFO] [stdout]    |
[INFO] [stdout] 4  | use rtic::export::Queue;
[INFO] [stdout]    |
[INFO] [stdout] 
[INFO] [stdout] 
[INFO] [stdout] error[E0433]: failed to resolve: could not find `i` in `heapless`
[INFO] [stdout]   --> atat/examples/cortex-m-rt.rs:68:62
[INFO] [stdout]    |
[INFO] [stdout] 68 |     static mut RES_QUEUE: ResQueue<256> = Queue(heapless::i::Queue::u8());
[INFO] [stdout]    |                                                              ^^^^^ not found in `heapless::i`
[INFO] [stdout]    |
[INFO] [stdout] help: consider importing one of these items
[INFO] [stdout]    |
[INFO] [stdout] 4  | use crate::Queue;
[INFO] [stdout]    |
[INFO] [stdout] 4  | use heapless::spsc::Queue;
[INFO] [stdout]    |
[INFO] [stdout] 4  | use rtic::export::Queue;
[INFO] [stdout]    |
[INFO] [stdout] 
[INFO] [stdout] 
[INFO] [stdout] error[E0423]: expected function, tuple struct or tuple variant, found struct `Queue`
[INFO] [stdout]   --> atat/examples/cortex-m-rt.rs:69:47
[INFO] [stdout]    |
[INFO] [stdout] 69 |     static mut URC_QUEUE: UrcQueue<256, 10> = Queue(heapless::i::Queue::u8());
[INFO] [stdout]    |                                               ^^^^^^^^^^^^^^^^^^^^^^^^^^^^^^^
[INFO] [stdout]    | 
[INFO] [stdout]   ::: /opt/rustwide/cargo-home/registry/src/github.com-1ecc6299db9ec823/heapless-0.7.1/src/spsc.rs:99:1
[INFO] [stdout]    |
[INFO] [stdout] 99 | pub struct Queue<T, const N: usize> {
[INFO] [stdout]    | ----------------------------------- `Queue` defined here
[INFO] [stdout]    |
[INFO] [stdout] help: use struct literal syntax instead
[INFO] [stdout]    |
[INFO] [stdout] 69 |     static mut URC_QUEUE: UrcQueue<256, 10> = Queue { head: val, tail: val, buffer: val };
[INFO] [stdout]    |                                               ^^^^^^^^^^^^^^^^^^^^^^^^^^^^^^^^^^^^^^^^^^^
[INFO] [stdout] help: consider importing this tuple struct instead
[INFO] [stdout]    |
[INFO] [stdout] 4  | use rtic::export::Queue;
[INFO] [stdout]    |
[INFO] [stdout] 
[INFO] [stdout] 
[INFO] [stdout] error[E0433]: failed to resolve: could not find `i` in `heapless`
[INFO] [stdout]   --> atat/examples/cortex-m-rt.rs:69:66
[INFO] [stdout]    |
[INFO] [stdout] 69 |     static mut URC_QUEUE: UrcQueue<256, 10> = Queue(heapless::i::Queue::u8());
[INFO] [stdout]    |                                                                  ^^^^^ not found in `heapless::i`
[INFO] [stdout]    |
[INFO] [stdout] help: consider importing one of these items
[INFO] [stdout]    |
[INFO] [stdout] 4  | use crate::Queue;
[INFO] [stdout]    |
[INFO] [stdout] 4  | use heapless::spsc::Queue;
[INFO] [stdout]    |
[INFO] [stdout] 4  | use rtic::export::Queue;
[INFO] [stdout]    |
[INFO] [stdout] 
[INFO] [stdout] 
[INFO] [stdout] error[E0423]: expected function, tuple struct or tuple variant, found struct `Queue`
[INFO] [stdout]   --> atat/examples/cortex-m-rt.rs:70:38
[INFO] [stdout]    |
[INFO] [stdout] 70 |     static mut COM_QUEUE: ComQueue = Queue(heapless::i::Queue::u8());
[INFO] [stdout]    |                                      ^^^^^^^^^^^^^^^^^^^^^^^^^^^^^^^
[INFO] [stdout]    | 
[INFO] [stdout]   ::: /opt/rustwide/cargo-home/registry/src/github.com-1ecc6299db9ec823/heapless-0.7.1/src/spsc.rs:99:1
[INFO] [stdout]    |
[INFO] [stdout] 99 | pub struct Queue<T, const N: usize> {
[INFO] [stdout]    | ----------------------------------- `Queue` defined here
[INFO] [stdout]    |
[INFO] [stdout] help: use struct literal syntax instead
[INFO] [stdout]    |
[INFO] [stdout] 70 |     static mut COM_QUEUE: ComQueue = Queue { head: val, tail: val, buffer: val };
[INFO] [stdout]    |                                      ^^^^^^^^^^^^^^^^^^^^^^^^^^^^^^^^^^^^^^^^^^^
[INFO] [stdout] help: consider importing this tuple struct instead
[INFO] [stdout]    |
[INFO] [stdout] 4  | use rtic::export::Queue;
[INFO] [stdout]    |
[INFO] [stdout] 
[INFO] [stdout] 
[INFO] [stdout] error[E0433]: failed to resolve: could not find `i` in `heapless`
[INFO] [stdout]   --> atat/examples/cortex-m-rt.rs:70:57
[INFO] [stdout]    |
[INFO] [stdout] 70 |     static mut COM_QUEUE: ComQueue = Queue(heapless::i::Queue::u8());
[INFO] [stdout]    |                                                         ^^^^^ not found in `heapless::i`
[INFO] [stdout]    |
[INFO] [stdout] help: consider importing one of these items
[INFO] [stdout]    |
[INFO] [stdout] 4  | use crate::Queue;
[INFO] [stdout]    |
[INFO] [stdout] 4  | use heapless::spsc::Queue;
[INFO] [stdout]    |
[INFO] [stdout] 4  | use rtic::export::Queue;
[INFO] [stdout]    |
[INFO] [stdout] 
[INFO] [stdout] 
[INFO] [stdout] error[E0603]: module `digest` is private
[INFO] [stdout]    --> atat/examples/cortex-m-rt.rs:17:5
[INFO] [stdout]     |
[INFO] [stdout] 17  |     digest::DefaultDigester, urc_matcher::DefaultUrcMatcher, ClientBuilder, ComQueue, Queues,
[INFO] [stdout]     |     ^^^^^^ private module
[INFO] [stdout]     |
[INFO] [stdout] note: the module `digest` is defined here
[INFO] [stdout]    --> /opt/rustwide/workdir/atat/src/lib.rs:235:1
[INFO] [stdout]     |
[INFO] [stdout] 235 | mod digest;
[INFO] [stdout]     | ^^^^^^^^^^^
[INFO] [stdout] 
[INFO] [stdout] 
[INFO] [stdout] error[E0603]: module `urc_matcher` is private
[INFO] [stdout]    --> atat/examples/cortex-m-rt.rs:17:30
[INFO] [stdout]     |
[INFO] [stdout] 17  |     digest::DefaultDigester, urc_matcher::DefaultUrcMatcher, ClientBuilder, ComQueue, Queues,
[INFO] [stdout]     |                              ^^^^^^^^^^^ private module
[INFO] [stdout]     |
[INFO] [stdout] note: the module `urc_matcher` is defined here
[INFO] [stdout]    --> /opt/rustwide/workdir/atat/src/lib.rs:241:1
[INFO] [stdout]     |
[INFO] [stdout] 241 | mod urc_matcher;
[INFO] [stdout]     | ^^^^^^^^^^^^^^^^
[INFO] [stdout] 
[INFO] [stdout] 
[INFO] [stdout] error: language item required, but not found: `eh_personality`
[INFO] [stdout] 
[INFO] [stdout] 
[INFO] [stdout] error[E0433]: failed to resolve: use of undeclared crate or module `hal`
[INFO] [stdout]   --> atat/examples/rtic.rs:23:16
[INFO] [stdout]    |
[INFO] [stdout] 23 | #[app(device = hal::pac, peripherals = true)]
[INFO] [stdout]    |                ^^^ use of undeclared crate or module `hal`
[INFO] [stdout] 
[INFO] [stdout] 
[INFO] [stdout] error[E0423]: expected function, tuple struct or tuple variant, found struct `Queue`
[INFO] [stdout]   --> atat/examples/rtic.rs:32:47
[INFO] [stdout]    |
[INFO] [stdout] 32 |         static mut RES_QUEUE: ResQueue<256> = Queue(heapless::i::Queue::u8());
[INFO] [stdout]    |                                               ^^^^^^^^^^^^^^^^^^^^^^^^^^^^^^^
[INFO] [stdout]    | 
[INFO] [stdout]   ::: /opt/rustwide/cargo-home/registry/src/github.com-1ecc6299db9ec823/heapless-0.7.1/src/spsc.rs:99:1
[INFO] [stdout]    |
[INFO] [stdout] 99 | pub struct Queue<T, const N: usize> {
[INFO] [stdout]    | ----------------------------------- `Queue` defined here
[INFO] [stdout]    |
[INFO] [stdout] help: use struct literal syntax instead
[INFO] [stdout]    |
[INFO] [stdout] 32 |         static mut RES_QUEUE: ResQueue<256> = Queue { head: val, tail: val, buffer: val };
[INFO] [stdout]    |                                               ^^^^^^^^^^^^^^^^^^^^^^^^^^^^^^^^^^^^^^^^^^^
[INFO] [stdout] help: consider importing this tuple struct instead
[INFO] [stdout]    |
[INFO] [stdout] 4  | use rtic::export::Queue;
[INFO] [stdout]    |
[INFO] [stdout] 
[INFO] [stdout] 
[INFO] [stdout] error[E0433]: failed to resolve: could not find `i` in `heapless`
[INFO] [stdout]   --> atat/examples/rtic.rs:32:66
[INFO] [stdout]    |
[INFO] [stdout] 32 |         static mut RES_QUEUE: ResQueue<256> = Queue(heapless::i::Queue::u8());
[INFO] [stdout]    |                                                                  ^^^^^ not found in `heapless::i`
[INFO] [stdout]    |
[INFO] [stdout] help: consider importing one of these items
[INFO] [stdout]    |
[INFO] [stdout] 4  | use crate::Queue;
[INFO] [stdout]    |
[INFO] [stdout] 4  | use heapless::spsc::Queue;
[INFO] [stdout]    |
[INFO] [stdout] 4  | use rtic::export::Queue;
[INFO] [stdout]    |
[INFO] [stdout] 
[INFO] [stdout] 
[INFO] [stdout] error[E0423]: expected function, tuple struct or tuple variant, found struct `Queue`
[INFO] [stdout]   --> atat/examples/rtic.rs:33:51
[INFO] [stdout]    |
[INFO] [stdout] 33 |         static mut URC_QUEUE: UrcQueue<256, 10> = Queue(heapless::i::Queue::u8());
[INFO] [stdout]    |                                                   ^^^^^^^^^^^^^^^^^^^^^^^^^^^^^^^
[INFO] [stdout]    | 
[INFO] [stdout]   ::: /opt/rustwide/cargo-home/registry/src/github.com-1ecc6299db9ec823/heapless-0.7.1/src/spsc.rs:99:1
[INFO] [stdout]    |
[INFO] [stdout] 99 | pub struct Queue<T, const N: usize> {
[INFO] [stdout]    | ----------------------------------- `Queue` defined here
[INFO] [stdout]    |
[INFO] [stdout] help: use struct literal syntax instead
[INFO] [stdout]    |
[INFO] [stdout] 33 |         static mut URC_QUEUE: UrcQueue<256, 10> = Queue { head: val, tail: val, buffer: val };
[INFO] [stdout]    |                                                   ^^^^^^^^^^^^^^^^^^^^^^^^^^^^^^^^^^^^^^^^^^^
[INFO] [stdout] help: consider importing this tuple struct instead
[INFO] [stdout]    |
[INFO] [stdout] 4  | use rtic::export::Queue;
[INFO] [stdout]    |
[INFO] [stdout] 
[INFO] [stdout] 
[INFO] [stdout] error[E0433]: failed to resolve: could not find `i` in `heapless`
[INFO] [stdout]   --> atat/examples/rtic.rs:33:70
[INFO] [stdout]    |
[INFO] [stdout] 33 |         static mut URC_QUEUE: UrcQueue<256, 10> = Queue(heapless::i::Queue::u8());
[INFO] [stdout]    |                                                                      ^^^^^ not found in `heapless::i`
[INFO] [stdout]    |
[INFO] [stdout] help: consider importing one of these items
[INFO] [stdout]    |
[INFO] [stdout] 4  | use crate::Queue;
[INFO] [stdout]    |
[INFO] [stdout] 4  | use heapless::spsc::Queue;
[INFO] [stdout]    |
[INFO] [stdout] 4  | use rtic::export::Queue;
[INFO] [stdout]    |
[INFO] [stdout] 
[INFO] [stdout] 
[INFO] [stdout] error[E0423]: expected function, tuple struct or tuple variant, found struct `Queue`
[INFO] [stdout]   --> atat/examples/rtic.rs:34:42
[INFO] [stdout]    |
[INFO] [stdout] 34 |         static mut COM_QUEUE: ComQueue = Queue(heapless::i::Queue::u8());
[INFO] [stdout]    |                                          ^^^^^^^^^^^^^^^^^^^^^^^^^^^^^^^
[INFO] [stdout]    | 
[INFO] [stdout]   ::: /opt/rustwide/cargo-home/registry/src/github.com-1ecc6299db9ec823/heapless-0.7.1/src/spsc.rs:99:1
[INFO] [stdout]    |
[INFO] [stdout] 99 | pub struct Queue<T, const N: usize> {
[INFO] [stdout]    | ----------------------------------- `Queue` defined here
[INFO] [stdout]    |
[INFO] [stdout] help: use struct literal syntax instead
[INFO] [stdout]    |
[INFO] [stdout] 34 |         static mut COM_QUEUE: ComQueue = Queue { head: val, tail: val, buffer: val };
[INFO] [stdout]    |                                          ^^^^^^^^^^^^^^^^^^^^^^^^^^^^^^^^^^^^^^^^^^^
[INFO] [stdout] help: consider importing this tuple struct instead
[INFO] [stdout]    |
[INFO] [stdout] 4  | use rtic::export::Queue;
[INFO] [stdout]    |
[INFO] [stdout] 
[INFO] [stdout] 
[INFO] [stdout] error[E0433]: failed to resolve: could not find `i` in `heapless`
[INFO] [stdout]   --> atat/examples/rtic.rs:34:61
[INFO] [stdout]    |
[INFO] [stdout] 34 |         static mut COM_QUEUE: ComQueue = Queue(heapless::i::Queue::u8());
[INFO] [stdout]    |                                                             ^^^^^ not found in `heapless::i`
[INFO] [stdout]    |
[INFO] [stdout] help: consider importing one of these items
[INFO] [stdout]    |
[INFO] [stdout] 4  | use crate::Queue;
[INFO] [stdout]    |
[INFO] [stdout] 4  | use heapless::spsc::Queue;
[INFO] [stdout]    |
[INFO] [stdout] 4  | use rtic::export::Queue;
[INFO] [stdout]    |
[INFO] [stdout] 
[INFO] [stdout] 
[INFO] [stdout] error[E0433]: failed to resolve: use of undeclared crate or module `hal`
[INFO] [stdout]   --> atat/examples/rtic.rs:23:1
[INFO] [stdout]    |
[INFO] [stdout] 23 | #[app(device = hal::pac, peripherals = true)]
[INFO] [stdout]    | ^^^^^^^^^^^^^^^^^^^^^^^^^^^^^^^^^^^^^^^^^^^^^ not found in `hal::pac`
[INFO] [stdout]    |
[INFO] [stdout]    = note: consider importing one of these items:
[INFO] [stdout]            cortex_m::Peripherals
[INFO] [stdout]            crate::Peripherals
[INFO] [stdout]            rtic::Peripherals
[INFO] [stdout]            rtic::export::Peripherals
[INFO] [stdout]            stm32l4xx_hal::pac::Peripherals
[INFO] [stdout]    = note: this error originates in an attribute macro (in Nightly builds, run with -Z macro-backtrace for more info)
[INFO] [stdout] 
[INFO] [stdout] 
[INFO] [stdout] error[E0603]: module `digest` is private
[INFO] [stdout]    --> atat/examples/rtic.rs:16:5
[INFO] [stdout]     |
[INFO] [stdout] 16  |     digest::DefaultDigester, urc_matcher::DefaultUrcMatcher, ClientBuilder, ComQueue, Queues,
[INFO] [stdout]     |     ^^^^^^ private module
[INFO] [stdout]     |
[INFO] [stdout] note: the module `digest` is defined here
[INFO] [stdout]    --> /opt/rustwide/workdir/atat/src/lib.rs:235:1
[INFO] [stdout]     |
[INFO] [stdout] 235 | mod digest;
[INFO] [stdout]     | ^^^^^^^^^^^
[INFO] [stdout] 
[INFO] [stdout] 
[INFO] [stdout] error[E0603]: module `urc_matcher` is private
[INFO] [stdout]    --> atat/examples/rtic.rs:16:30
[INFO] [stdout]     |
[INFO] [stdout] 16  |     digest::DefaultDigester, urc_matcher::DefaultUrcMatcher, ClientBuilder, ComQueue, Queues,
[INFO] [stdout]     |                              ^^^^^^^^^^^ private module
[INFO] [stdout]     |
[INFO] [stdout] note: the module `urc_matcher` is defined here
[INFO] [stdout]    --> /opt/rustwide/workdir/atat/src/lib.rs:241:1
[INFO] [stdout]     |
[INFO] [stdout] 241 | mod urc_matcher;
[INFO] [stdout]     | ^^^^^^^^^^^^^^^^
[INFO] [stdout] 
[INFO] [stdout] 
[INFO] [stdout] error: language item required, but not found: `eh_personality`
[INFO] [stdout] 
[INFO] [stdout] 
[INFO] [stdout] error[E0107]: this struct takes 4 generic arguments but only 1 generic argument was supplied
[INFO] [stdout]   --> atat/examples/cortex-m-rt.rs:25:34
[INFO] [stdout]    |
[INFO] [stdout] 25 | static mut INGRESS: Option<atat::IngressManager<256>> = None;
[INFO] [stdout]    |                                  ^^^^^^^^^^^^^^ --- supplied 1 generic argument
[INFO] [stdout]    |                                  |
[INFO] [stdout]    |                                  expected 4 generic arguments
[INFO] [stdout]    |
[INFO] [stdout] note: struct defined here, with 4 generic parameters: `D`, `U`, `BUF_LEN`, `URC_CAPACITY`
[INFO] [stdout]   --> /opt/rustwide/workdir/atat/src/ingress_manager.rs:13:12
[INFO] [stdout]    |
[INFO] [stdout] 13 | pub struct IngressManager<D, U, const BUF_LEN: usize, const URC_CAPACITY: usize>
[INFO] [stdout]    |            ^^^^^^^^^^^^^^ -  -        -------               ------------
[INFO] [stdout] help: add missing generic arguments
[INFO] [stdout]    |
[INFO] [stdout] 25 | static mut INGRESS: Option<atat::IngressManager<256, U, BUF_LEN, URC_CAPACITY>> = None;
[INFO] [stdout]    |                                                    ^^^^^^^^^^^^^^^^^^^^^^^^^^
[INFO] [stdout] 
[INFO] [stdout] 
[INFO] [stdout] error: aborting due to 12 previous errors
[INFO] [stdout] 
[INFO] [stdout] 
[INFO] [stdout] Some errors have detailed explanations: E0107, E0423, E0432, E0433, E0603.
[INFO] [stdout] 
[INFO] [stdout] For more information about an error, try `rustc --explain E0107`.
[INFO] [stdout] 
[INFO] [stderr] error: could not compile `atat`
[INFO] [stderr] 
[INFO] [stderr] To learn more, run the command again with --verbose.
[INFO] [stderr] warning: build failed, waiting for other jobs to finish...
[INFO] [stdout] error[E0277]: the trait bound `Tx<stm32l4xx_hal::pac::USART2>: embedded_hal::serial::Write<u8>` is not satisfied
[INFO] [stdout]   --> atat/examples/rtic.rs:81:13
[INFO] [stdout]    |
[INFO] [stdout] 81 |             ClientBuilder::new(tx, timer, atat::Config::new(atat::Mode::Timeout)).build(queues);
[INFO] [stdout]    |             ^^^^^^^^^^^^^^^^^^ the trait `embedded_hal::serial::Write<u8>` is not implemented for `Tx<stm32l4xx_hal::pac::USART2>`
[INFO] [stdout]    |
[INFO] [stdout]    = note: required by `ClientBuilder::<Tx, T, DefaultUrcMatcher, DefaultDigester, BUF_LEN, URC_CAPACITY>::new`
[INFO] [stdout] 
[INFO] [stdout] 
[INFO] [stdout] error[E0277]: the trait bound `Tx<stm32l4xx_hal::pac::USART2>: embedded_hal::serial::Write<u8>` is not satisfied
[INFO] [stdout]   --> atat/examples/rtic.rs:81:13
[INFO] [stdout]    |
[INFO] [stdout] 81 |             ClientBuilder::new(tx, timer, atat::Config::new(atat::Mode::Timeout)).build(queues);
[INFO] [stdout]    |             ^^^^^^^^^^^^^ the trait `embedded_hal::serial::Write<u8>` is not implemented for `Tx<stm32l4xx_hal::pac::USART2>`
[INFO] [stdout]    | 
[INFO] [stdout]   ::: /opt/rustwide/workdir/atat/src/builder.rs:21:9
[INFO] [stdout]    |
[INFO] [stdout] 21 |     Tx: embedded_hal::serial::Write<u8>,
[INFO] [stdout]    |         ------------------------------- required by this bound in `ClientBuilder`
[INFO] [stdout] 
[INFO] [stdout] 
[INFO] [stdout] error[E0277]: the trait bound `Timer<stm32l4xx_hal::pac::TIM7>: embedded_hal::timer::CountDown` is not satisfied
[INFO] [stdout]   --> atat/examples/rtic.rs:81:13
[INFO] [stdout]    |
[INFO] [stdout] 81 |             ClientBuilder::new(tx, timer, atat::Config::new(atat::Mode::Timeout)).build(queues);
[INFO] [stdout]    |             ^^^^^^^^^^^^^^^^^^ the trait `embedded_hal::timer::CountDown` is not implemented for `Timer<stm32l4xx_hal::pac::TIM7>`
[INFO] [stdout]    |
[INFO] [stdout]    = note: required by `ClientBuilder::<Tx, T, DefaultUrcMatcher, DefaultDigester, BUF_LEN, URC_CAPACITY>::new`
[INFO] [stdout] 
[INFO] [stdout] 
[INFO] [stdout] error[E0277]: the trait bound `Timer<stm32l4xx_hal::pac::TIM7>: embedded_hal::timer::CountDown` is not satisfied
[INFO] [stdout]   --> atat/examples/rtic.rs:81:13
[INFO] [stdout]    |
[INFO] [stdout] 81 |             ClientBuilder::new(tx, timer, atat::Config::new(atat::Mode::Timeout)).build(queues);
[INFO] [stdout]    |             ^^^^^^^^^^^^^ the trait `embedded_hal::timer::CountDown` is not implemented for `Timer<stm32l4xx_hal::pac::TIM7>`
[INFO] [stdout]    | 
[INFO] [stdout]   ::: /opt/rustwide/workdir/atat/src/builder.rs:22:8
[INFO] [stdout]    |
[INFO] [stdout] 22 |     T: embedded_hal::timer::CountDown,
[INFO] [stdout]    |        ------------------------------ required by this bound in `ClientBuilder`
[INFO] [stdout] 
[INFO] [stdout] 
[INFO] [stdout] error[E0277]: the trait bound `Tx<stm32l4xx_hal::pac::USART2>: embedded_hal::serial::Write<u8>` is not satisfied
[INFO] [stdout]   --> atat/examples/rtic.rs:81:13
[INFO] [stdout]    |
[INFO] [stdout] 81 |             ClientBuilder::new(tx, timer, atat::Config::new(atat::Mode::Timeout)).build(queues);
[INFO] [stdout]    |             ^^^^^^^^^^^^^^^^^^^^^^^^^^^^^^^^^^^^^^^^^^^^^^^^^^^^^^^^^^^^^^^^^^^^^ the trait `embedded_hal::serial::Write<u8>` is not implemented for `Tx<stm32l4xx_hal::pac::USART2>`
[INFO] [stdout]    | 
[INFO] [stdout]   ::: /opt/rustwide/workdir/atat/src/builder.rs:21:9
[INFO] [stdout]    |
[INFO] [stdout] 21 |     Tx: embedded_hal::serial::Write<u8>,
[INFO] [stdout]    |         ------------------------------- required by this bound in `ClientBuilder`
[INFO] [stdout] 
[INFO] [stdout] 
[INFO] [stdout] error[E0277]: the trait bound `Timer<stm32l4xx_hal::pac::TIM7>: embedded_hal::timer::CountDown` is not satisfied
[INFO] [stdout]   --> atat/examples/rtic.rs:81:13
[INFO] [stdout]    |
[INFO] [stdout] 81 |             ClientBuilder::new(tx, timer, atat::Config::new(atat::Mode::Timeout)).build(queues);
[INFO] [stdout]    |             ^^^^^^^^^^^^^^^^^^^^^^^^^^^^^^^^^^^^^^^^^^^^^^^^^^^^^^^^^^^^^^^^^^^^^ the trait `embedded_hal::timer::CountDown` is not implemented for `Timer<stm32l4xx_hal::pac::TIM7>`
[INFO] [stdout]    | 
[INFO] [stdout]   ::: /opt/rustwide/workdir/atat/src/builder.rs:22:8
[INFO] [stdout]    |
[INFO] [stdout] 22 |     T: embedded_hal::timer::CountDown,
[INFO] [stdout]    |        ------------------------------ required by this bound in `ClientBuilder`
[INFO] [stdout] 
[INFO] [stdout] 
[INFO] [stdout] error[E0599]: the method `build` exists for struct `ClientBuilder<Tx<stm32l4xx_hal::pac::USART2>, Timer<stm32l4xx_hal::pac::TIM7>, DefaultUrcMatcher, DefaultDigester, {_: usize}, {_: usize}>`, but its trait bounds were not satisfied
[INFO] [stdout]    --> atat/examples/rtic.rs:81:83
[INFO] [stdout]     |
[INFO] [stdout] 81  |             ClientBuilder::new(tx, timer, atat::Config::new(atat::Mode::Timeout)).build(queues);
[INFO] [stdout]     |                                                                                   ^^^^^ method cannot be called on `ClientBuilder<Tx<stm32l4xx_hal::pac::USART2>, Timer<stm32l4xx_hal::pac::TIM7>, DefaultUrcMatcher, DefaultDigester, {_: usize}, {_: usize}>` due to unsatisfied trait bounds
[INFO] [stdout]     | 
[INFO] [stdout]    ::: /opt/rustwide/cargo-home/registry/src/github.com-1ecc6299db9ec823/stm32l4xx-hal-0.6.0/src/serial.rs:189:1
[INFO] [stdout]     |
[INFO] [stdout] 189 | pub struct Tx<USART> {
[INFO] [stdout]     | -------------------- doesn't satisfy `_: embedded_hal::serial::Write<u8>`
[INFO] [stdout]     | 
[INFO] [stdout]    ::: /opt/rustwide/cargo-home/registry/src/github.com-1ecc6299db9ec823/stm32l4xx-hal-0.6.0/src/timer.rs:14:1
[INFO] [stdout]     |
[INFO] [stdout] 14  | pub struct Timer<TIM> {
[INFO] [stdout]     | --------------------- doesn't satisfy `_: embedded_hal::timer::CountDown`
[INFO] [stdout]     |
[INFO] [stdout]     = note: the following trait bounds were not satisfied:
[INFO] [stdout]             `Tx<stm32l4xx_hal::pac::USART2>: embedded_hal::serial::Write<u8>`
[INFO] [stdout]             `Timer<stm32l4xx_hal::pac::TIM7>: embedded_hal::timer::CountDown`
[INFO] [stdout] 
[INFO] [stdout] 
[INFO] [stdout] error: aborting due to 18 previous errors
[INFO] [stdout] 
[INFO] [stdout] 
[INFO] [stdout] Some errors have detailed explanations: E0277, E0423, E0433, E0599, E0603.
[INFO] [stdout] 
[INFO] [stdout] For more information about an error, try `rustc --explain E0277`.
[INFO] [stdout] 
[INFO] [stderr] error: build failed
[INFO] running `Command { std: "docker" "inspect" "7319a49f5c7a704977f157983841d8db05835e12a905a1f8fb874c3a313ef254", kill_on_drop: false }`
[INFO] running `Command { std: "docker" "rm" "-f" "7319a49f5c7a704977f157983841d8db05835e12a905a1f8fb874c3a313ef254", kill_on_drop: false }`
[INFO] [stdout] 7319a49f5c7a704977f157983841d8db05835e12a905a1f8fb874c3a313ef254
